{"id":139,"date":"2025-11-19T20:24:04","date_gmt":"2025-11-19T19:24:04","guid":{"rendered":"http:\/\/fortunella.com.pl\/?page_id=139"},"modified":"2025-11-19T20:24:04","modified_gmt":"2025-11-19T19:24:04","slug":"hipoterapia","status":"publish","type":"page","link":"https:\/\/fortunella.com.pl\/index.php\/hipoterapia\/","title":{"rendered":"Hipoterapia"},"content":{"rendered":"\n<p>Nasze 2 koniki polskie ( prastara rodzima rasa ) s\u0105 bardzo \u0142agodne i przyjazne wobec ludzi.<br>Ich naturalna koherencja serca i spokojna energia przypominaj\u0105 dzia\u0142anie hipoterapii \u2013 wspieraj\u0105 redukcj\u0119 stresu, pomagaj\u0105 rozlu\u017ani\u0107 cia\u0142o i wyciszy\u0107 umys\u0142.<br>Nie s\u0105 podkuwane, co sprzyja ich naturalnemu trybowi \u017cycia i daje ludziom mo\u017cliwo\u015b\u0107 do\u015bwiadczenia tzw. uziemiania \u2013 kontaktu, kt\u00f3ry wzmacnia poczucie stabilno\u015bci i przywraca r\u00f3wnowag\u0119.<br><br>Podczas warsztat\u00f3w organizowanych przez fundacj\u0119 przewidziane s\u0105 spotkania z ko\u0144mi &#8222;z ziemi &#8222;\u2013 poprzez piel\u0119gnacj\u0119, karmienie, obserwacj\u0119 i budowanie wi\u0119zi.<br><br>Konie reaguj\u0105 na emocje cz\u0142owieka, cz\u0119sto por\u00f3wnywane s\u0105 do lustra \u2013 pokazuj\u0105 to, co w nas samych wymaga uwagi i wyciszenia. Dlatego spotkania z nimi maj\u0105 warto\u015b\u0107 terapeutyczn\u0105 i s\u0105 cennym elementem pracy nad sob\u0105.<\/p>\n","protected":false},"excerpt":{"rendered":"<p>Nasze 2 koniki polskie ( prastara rodzima rasa ) s\u0105 bardzo \u0142agodne i przyjazne wobec ludzi.Ich naturalna koherencja serca i spokojna energia przypominaj\u0105 dzia\u0142anie hipoterapii \u2013 wspieraj\u0105 redukcj\u0119 stresu, pomagaj\u0105 rozlu\u017ani\u0107 cia\u0142o i wyciszy\u0107 umys\u0142.Nie s\u0105 podkuwane, co sprzyja ich naturalnemu trybowi \u017cycia i daje ludziom mo\u017cliwo\u015b\u0107 do\u015bwiadczenia tzw. uziemiania \u2013 kontaktu, kt\u00f3ry wzmacnia poczucie [&hellip;]<\/p>\n","protected":false},"author":1,"featured_media":0,"parent":0,"menu_order":0,"comment_status":"closed","ping_status":"closed","template":"","meta":{"footnotes":""},"class_list":["post-139","page","type-page","status-publish","hentry"],"_links":{"self":[{"href":"https:\/\/fortunella.com.pl\/index.php\/wp-json\/wp\/v2\/pages\/139","targetHints":{"allow":["GET"]}}],"collection":[{"href":"https:\/\/fortunella.com.pl\/index.php\/wp-json\/wp\/v2\/pages"}],"about":[{"href":"https:\/\/fortunella.com.pl\/index.php\/wp-json\/wp\/v2\/types\/page"}],"author":[{"embeddable":true,"href":"https:\/\/fortunella.com.pl\/index.php\/wp-json\/wp\/v2\/users\/1"}],"replies":[{"embeddable":true,"href":"https:\/\/fortunella.com.pl\/index.php\/wp-json\/wp\/v2\/comments?post=139"}],"version-history":[{"count":1,"href":"https:\/\/fortunella.com.pl\/index.php\/wp-json\/wp\/v2\/pages\/139\/revisions"}],"predecessor-version":[{"id":140,"href":"https:\/\/fortunella.com.pl\/index.php\/wp-json\/wp\/v2\/pages\/139\/revisions\/140"}],"wp:attachment":[{"href":"https:\/\/fortunella.com.pl\/index.php\/wp-json\/wp\/v2\/media?parent=139"}],"curies":[{"name":"wp","href":"https:\/\/api.w.org\/{rel}","templated":true}]}}